emainder when 315 is divided by 108?
99
What is the remainder when 6663 is divided by 14?
13
What is the remainder when 339 is divided by 86?
81
What is the remainder when 1057 is divided by 23?
22
What is the remainder when 735 is divided by 358?
19
What is the remainder when 1296 is divided by 601?
94
What is the remainder when 632 is divided by 53?
49
What is the remainder when 680 is divided by 54?
32
Calculate the remainder when 248 is divided by 153.
95
What is the remainder when 2218 is divided by 26?
8
Calculate the remainder when 139 is divided by 8.
3
What is the remainder when 1383 is divided by 460?
3
Calculate the remainder when 247 is divided by 54.
31
Calculate the remainder when 43 is divided by 20.
3
Calculate the remainder when 5120 is divided by 6.
2
What is the remainder when 1834 is divided by 48?
10
Calculate the remainder when 86 is divided by 26.
8
Calculate the remainder when 786 is divided by 378.
30
Calculate the remainder when 2735 is divided by 95.
75
Calculate the remainder when 39 is divided by 3.
0
Calculate the remainder when 369 is divided by 184.
1
What is the remainder when 604 is divided by 76?
72
Calculate the remainder when 82 is divided by 24.
10
What is the remainder when 17028 is divided by 26?
24
What is the remainder when 1727 is divided by 9?
8
What is the remainder when 1144 is divided by 46?
40
Calculate the remainder when 11 is divided by 2.
1
Calculate the remainder when 3515 is divided by 585.
5
What is the remainder when 782 is divided by 377?
28
Calculate the remainder when 6716 is divided by 168.
164
Calculate the remainder when 1358 is divided by 68.
66
Calculate the remainder when 325 is divided by 66.
61
Calculate the remainder when 278 is divided by 192.
86
What is the remainder when 25 is divided by 20?
5
What is the remainder when 625 is divided by 30?
25
Calculate the remainder when 681 is divided by 413.
268
What is the remainder when 826 is divided by 16?
10
Calculate the remainder when 445 is divided by 115.
100
What is the remainder when 2769 is divided by 2768?
1
Calculate the remainder when 70 is divided by 24.
22
Calculate the remainder when 1903 is divided by 7.
6
Calculate the remainder when 397 is divided by 5.
2
What is the remainder when 319 is divided by 65?
59
What is the remainder when 11959 is divided by 115?
114
What is the remainder when 263 is divided by 44?
43
Calculate the remainder when 577 is divided by 314.
263
What is the remainder when 127 is divided by 43?
41
What is the remainder when 189 is divided by 132?
57
Calculate the remainder when 128 is divided by 31.
4
Calculate the remainder when 335 is divided by 85.
80
Calculate the remainder when 1634 is divided by 812.
10
Calculate the remainder when 1212 is divided by 15.
12
What is the remainder when 121 is divided by 25?
21
What is the remainder when 288 is divided by 148?
140
What is the remainder when 1510 is divided by 101?
96
Calculate the remainder when 75 is divided by 43.
32
What is the remainder when 1159 is divided by 293?
280
Calculate the remainder when 72 is divided by 21.
9
What is the remainder when 8255 is divided by 96?
95
What is the remainder when 602 is divided by 113?
37
What is the remainder when 21567 is divided by 46?
39
Calculate the remainder when 344 is divided by 39.
32
What is the remainder when 10 is divided by 9?
1
Calculate the remainder when 82 is divided by 44.
38
What is the remainder when 161 is divided by 33?
29
Calculate the remainder when 175 is divided by 88.
87
What is the remainder when 1422 is divided by 27?
18
Calculate the remainder when 142 is divided by 29.
26
Calculate the remainder when 60 is divided by 9.
6
Calculate the remainder when 19706 is divided by 54.
50
What is the remainder when 753 is divided by 68?
5
Calculate the remainder when 727 is divided by 120.
7
What is the remainder when 2517 is divided by 63?
60
Calculate the remainder when 487 is divided by 31.
22
What is the remainder when 894 is divided by 15?
9
What is the remainder when 223 is divided by 76?
71
What is the remainder when 290 is divided by 97?
96
What is the remainder when 204 is divided by 15?
9
Calculate the remainder when 184 is divided by 140.
44
Calculate the remainder when 5188 is divided by 33.
7
What is the remainder when 369 is divided by 95?
84
What is the remainder when 1600 is divided by 43?
9
Calculate the remainder when 88 is divided by 55.
33
Calculate the remainder when 335 is divided by 57.
50
Calculate the remainder when 185 is divided by 19.
14
What is the remainder when 402 is divided by 121?
39
What is the remainder when 2349 is divided by 16?
13
What is the remainder when 5670 is divided by 1885?
15
What is the remainder when 1813 is divided by 13?
6
What is the remainder when 78 is divided by 32?
14
What is the remainder when 139 is divided by 73?
66
What is the remainder when 60 is divided by 13?
8
Calculate the remainder when 296 is divided by 27.
26
What is the remainder when 231 is divided by 8?
7
What is the remainder when 476 is divided by 105?
56
Calculate the remainder when 291 is divided by 14.
11
What is the remainder when 3230 is divided by 162?
152
What is the remainder when 322 is divided by 98?
28
Calculate the remainder when 958 is divided by 225.
58
What is the remainder when 161 is divided by 55?
51
What is the remainder when 424 is divided by 69?
10
Calculate the remainder when 356 is divided by 320.
36
What is the remainder when 827 is divided by 33?
2
What is the remainder when 462 is divided by 225?
12
Calculate the remainder when 432 is divided by 212.
8
What is the remainder when 8730 is divided by 213?
210
Calculate the remainder when 1023 is divided by 32.
31
Calculate the remainder when 9836 is divided by 20.
16
What is the remainder when 2629 is divided by 174?
19
What is the remainder when 444 is divided by 181?
82
What is the remainder when 93 is divided by 3?
0
What is the remainder when 127 is divided by 122?
5
What is the remainder when 62 is divided by 40?
22
What is the remainder when 190 is divided by 96?
94
Calculate the remainder when 1570 is divided by 5.
0
What is the remainder when 1319 is divided by 54?
23
What is the remainder when 100 is divided by 43?
14
What is the remainder when 101 is divided by 16?
5
Calculate the remainder when 370 is divided by 116.
22
Calculate the remainder when 472 is divided by 53.
48
Calculate the remainder when 304 is divided by 92.
28
Calculate the remainder when 352 is divided by 105.
37
What is the remainder when 660 is divided by 120?
60
What is the remainder when 1570 is divided by 4?
2
What is the remainder when 62 is divided by 25?
12
Calculate the remainder when 69 is divided by 26.
17
Calculate the remainder when 66 is divided by 17.
15
Calculate the remainder when 17179 is divided by 11.
8
What is the remainder when 202 is divided by 43?
30
Calculate the remainder when 78 is divided by 21.
15
Calculate the remainder when 140 is divided by 44.
8
Calculate the remainder when 822 is divided by 36.
30
What is the remainder when 160 is divided by 21?
13
What is the remainder when 113 is divided by 4?
1
Calculate the remainder when 134 is divided by 18.
8
What is the remainder when 255 is divided by 51?
0
What is the remainder when 81 is divided by 23?
12
What is the remainder when 670 is divided by 52?
46
Calculate the remainder when 499 is divided by 197.
105
What is the remainder when 3949 is divided by 16?
13
What is the remainder when 109 is divided by 105?
4
Calculate the remainder when 1557 is divided by 130.
127
What is the remainder when 10059 is divided by 18?
15
Calculate the remainder when 4824 is divided by 58.
10
Calculate the remainder when 483 is divided by 27.
24
Calculate the remainder when 274 is divided by 132.
10
What is the remainder when 599 is divided by 262?
75
Calculate the remainder when 115 is divided by 70.
45
What is the remainder when 1593 is divided by 40?
33
Calculate the remainder when 462 is divided by 257.
205
What is the remainder when 1003 is divided by 16?
11
What is the remainder when 254 is divided by 52?
46
Calculate the remainder when 2779 is divided by 396.
7
Calculate the remainder when 60 is divided by 37.
23
What is the remainder whe